et k(w) = w**2 + 2*w. Let m be k(-2). Suppose 0 = -4*v + 4*p + p + 89, m = 4*p + 4. What is the units digit of v?
1
Suppose -4*b + 0 = -3*y - 1, -2*y - 4*b + 26 = 0. What is the units digit of y?
5
Suppose -12 = -9*f + 6. Let d = 41 + f. What is the units digit of d?
3
Let c(f) = f**3 - 8*f**2 + 5. Let p be c(8). Let i = -2 + p. What is the units digit of i?
3
Suppose 0*i - 7 = 3*i - 2*w, i = -4*w + 7. Let r be -1 - -1*(5 - 1). Let u = i + r. What is the units digit of u?
2
Suppose 3*u - 2710 + 8935 = 3*o, 5*o = -u + 10351. What is the hundreds digit of o?
0
Let n = 1208 + -676. What is the hundreds digit of (-1 - 16/(-10)) + n/5?
1
Suppose 0 = -w - 2*o + 847, 5*o - 232 = w - 1114. What is the hundreds digit of w?
8
Let q be 22*1/(-2 - -1). Let o = 349 + -307. Let k = q + o. What is the units digit of k?
0
Suppose 3*t - u = -4, 0*t - 3*u + 12 = -t. Suppose t*r - 160 = -r. What is the hundreds digit of r?
1
Let d(n) = -n**3 - 15*n + 26. What is the units digit of d(-4)?
0
What is the units digit of (2/5)/((-74)/(-52910))?
6
Suppose -3*y = -o - 10070, -9*y + 5*y + 5*o = -13412. What is the thousands digit of y?
3
Let m be 1/(-1 - 0/2). What is the tens digit of -9*10/3*m?
3
Suppose 0 = -5*s + b + 447, -4*b + 3*b + 3 = 0. Let j = s - 54. Suppose 5*m = 3*a + j, 2*m + 3*a - 4 = -a. What is the units digit of m?
6
Let x = 7 - 3. Suppose 0 = x*w + 3*n - 5*n - 14, 4*n = 12. Let d = w + 11. What is the tens digit of d?
1
Suppose -5*a = a + 36. Let j(i) = -6*i + 18. What is the tens digit of j(a)?
5
Let m be 66/4*4/(-3). Let i = -18 - m. What is the units digit of i + 0 + 0 - -44?
8
Suppose -8*d - 3*o - 7 = -6*d, 3*o = 3*d - 27. What is the hundreds digit of ((-6)/d)/(36/(-5088))?
2
Suppose -2*k + 4*k = 5*m + 1, k - 5*m = 3. Let z(w) = 19*w**2 - 2*w. Let t be z(k). Suppose -3*x - x + t = 0. What is the tens digit of x?
2
Let z = 171 - -32. What is the hundreds digit of z?
2
Suppose 2*l - 4*l + 244 = 5*g, 2*g = -8. Suppose v - l = -5*v. What is the tens digit of v?
2
Suppose 0*a + 3*g = -2*a + 19, -3*a = -2*g - 9. Suppose 19 + 6 = 3*r + 2*f, a*r - 2*f = 63. Suppose 2*k - r = 39. What is the units digit of k?
5
Let k(q) = 379*q + 82. What is the hundreds digit of k(1)?
4
Let i(p) = -4*p**2 + p + 4. Let g be i(0). Suppose -237 = -2*h - 5*v, -g*h - 2*v = -79 - 371. What is the tens digit of h?
1
Let u(w) = 7 - 3 - 4 - 9*w**2. Let y be u(-1). Let r = 26 + y. What is the units digit of r?
7
Suppose 7*h - 2259 = 1038. What is the units digit of h?
1
Suppose c - 5*w - 510 = 287, -4*c = 5*w - 3113. What is the tens digit of c?
8
Let r(i) = -28*i**2. Let y be r(-1). Let t = y - -44. Suppose -b - 2*z + t = 0, b - 5*z - 4 = 5. What is the units digit of b?
4
Let r = 68 - 63. Suppose 60 = 15*n - r*n. What is the units digit of n?
6
Let l = -1053 + 1708. What is the hundreds digit of l?
6
Let m be (-36)/(-24)*(3*2 + 0). What is the units digit of 446/6 + (-12)/m?
3
Let i = 121 - -74. What is the tens digit of i?
9
Let h(r) = 1 + 9*r**2 + 2*r**2 - 5 + 5. Let c be h(1). What is the units digit of c/(-9) - (-39)/9?
3
Let q be -5*48/(-42) - 2/(-7). What is the units digit of 734/q - (-1)/((-3)/(-2))?
3
Let c(y) = -1. Let a(m) = -2. Let x(o) = -a(o) + c(o). Let r(f) = 4*f + 17. Let b(v) = -r(v) + 6*x(v). What is the tens digit of b(-8)?
2
Let k(i) = -2*i**2 + 6*i - 1. Let y be k(5). Let s = -20 - y. What is the units digit of s?
1
Let d(h) = 433*h + 25. What is the tens digit of d(2)?
9
Suppose 43*k - 37191 = 10*k. What is the tens digit of k?
2
Let o = 2 - 4. Suppose -4*f + 24 = -0*f. What is the units digit of (-2)/3*f*o?
8
Let x be (112/(-24) - -7) + (-2)/(-3). What is the units digit of x/(1145/(-290) + 4)?
8
Let t be 1248/20 - (2 - (-16)/(-10)). Let r = t + -33. What is the tens digit of r?
2
Let p(s) = 2646*s**3 + s**2 - 1. Let r be p(1). Suppose 15*k - r = 444. What is the hundreds digit of k?
2
Suppose -6*r + 9*r - 9 = 0. Suppose -r*a - 16 = -4*a. Suppose 10*f - a = 9*f. What is the tens digit of f?
1
Let d(l) = 2*l**3 - 9*l**2 - 3*l + 24. What is the tens digit of d(7)?
4
Let m = 7 - -56. Suppose 8*w = 33 + m. What is the tens digit of w?
1
Suppose 5*o - 10 = -2*z, 6*z - o - 49 = 3*z. Let v = z - 19. What is the tens digit of 9/((-12)/v) + 44?
4
Let k(a) = 10*a + 6. Suppose -5*h + 4*v + 4 = -26, 0 = 2*v. What is the units digit of k(h)?
6
Let z be ((-45)/(-12))/(-4 - 83/(-20)). What is the units digit of z/(8 + -3) + 0 + -1?
4
Let f = 2235 - 1559. What is the tens digit of f?
7
Let m(x) = -12*x - 27. Let c be m(-24). Suppose -6*s + c = -3*s. What is the tens digit of s?
8
Let w(c) = -c**3 - 18*c**2 - 17*c - 15. Let t(p) = 3*p**3 + 53*p**2 + 50*p + 44. Let x(l) = 4*t(l) + 11*w(l). Let s = 76 - 89. What is the tens digit of x(s)?
1
What is the tens digit of ((-11)/1)/((-13)/5499)?
5
Let o = 15 + -13. Let y be (9/6)/((-1)/o). What is the tens digit of y/((-9)/60 + 0)?
2
Let w = 505 - 251. What is the tens digit of w?
5
Let a(g) = -g + 15. Let t = 22 - 11. Let r be a(t). Suppose -r*m = 3*l - 122, 5*l + 2*m - 166 = l. What is the tens digit of l?
4
Let t(g) = 4*g + 7. Let r be (-4)/(-1) + (-10 - -9). Suppose 35 = 2*p + r*p. What is the tens digit of t(p)?
3
Let r(t) = -t**2 + 7*t + 2. Let l be r(7). Let n = 9 - l. Suppose n*y - 2 - 5 = 0. What is the units digit of y?
1
Suppose 0 = 2*s + 4*z + 1572, 5*s - 4*z = -2*z - 3942. What is the units digit of (-3)/(24/s) + 1/2?
9
Let x = 618 - -1094. What is the tens digit of x?
1
Suppose -7*h = -12*h + 25. Let o = -18 - h. Let z = 59 + o. What is the units digit of z?
6
Suppose 2*r = 18 - 8. Suppose 0 = -h + 4*o + 94, 0 = r*h + 5*o - 3*o - 470. What is the tens digit of h?
9
Let w(c) be the second derivative of -3*c**3 + 3*c**2/2 - 4*c. Let h be w(-5). Let t = h - 59. What is the tens digit of t?
3
Let c(s) be the second derivative of s**4/6 - s**3/6 + s**2 + 10*s. What is the units digit of c(5)?
7
Let v(m) = 5*m + 1. Let u(b) = -9*b - 3. Let l(n) = -3*u(n) - 5*v(n). Let p be l(8). Suppose 3*x - 7*x + p = 0. What is the units digit of x?
5
Suppose -2*p + 2*s - 4*s = -10, -2*s - 2 = 0. Let c be 9*-1*p/9. Let g = 21 + c. What is the units digit of g?
5
Suppose 4 - 13 = -3*s. Suppose v = 5*i + 51, 0 = -s*v - v - 5*i + 229. What is the tens digit of v?
5
Let y = -12 - -17. Suppose -225 = -2*l - 0*l - y*w, l - 5*w - 150 = 0. Suppose 5*p - 150 = 6*m - m, 3*m = 4*p - l. What is the tens digit of p?
3
Suppose 0 = -2*k - 0*k - 18. Let j(s) = 13*s + 23. Let z(h) = 7*h + 11. Let r(l) = -4*j(l) + 7*z(l). What is the tens digit of r(k)?
1
Suppose -2 = 3*f - 14. Suppose 504 = f*j - 700. What is the hundreds digit of j?
3
Let m(y) = -y**2 - 10*y + 3. Let f be m(-10). Suppose r - 8 = -f*r. Suppose -c + 42 = r*c. What is the units digit of c?
4
Let s be 24/(-9)*(-15)/2. Suppose 4*d + 4 - s = 0. Suppose 0*z + 4*z = p, 4*z + 12 = d*p. What is the units digit of z?
1
Suppose 1800 = -9*a + 12141. What is the units digit of a?
9
Let f = 376 - 264. Let t = f + -73. What is the units digit of t?
9
Suppose -208 = -2*i + 1058. What is the tens digit of i?
3
Let o = -1 + -129. Let v = 49 + o. What is the units digit of (-2)/(1 - v/(-75))?
5
Let q be 4 + 4/(-4)*1. What is the units digit of ((-28)/q)/((-4)/6) - -1?
5
Suppose -5*h + 49 = -16. Let m = h + -17. Let b(z) = 3*z**2 + 4*z + 10. What is the units digit of b(m)?
2
Suppose -109*i + 105*i + 3036 = 0. What is the units digit of i?
9
Let n = -30 - -32. Suppose 4*z - n*g + 7*g = 11, 0 = z - 5*g - 9. Suppose 6 = 2*r - z*r, -m + 2*r + 50 = 0. What is the tens digit of m?
4
Suppose -1 = -w + o, 1 = -w - 3*o + 2. Let b = 7 + w. Suppose -3*f - f + b = 0. What is the units digit of f?
2
Let c(f) = -f**3 - 2*f**2 - f - 3. Let m be 6*(3 - 4/12). Let j = m + -19. What is the units digit of c(j)?
9
Suppose 8*x + 335 - 2119 = 0. What is the tens digit of x?
2
Let z(g) = g**2 + 3*g + 9. Suppose -2*y = -5*y - 5*c - 23, -4*y - 23 = -c. What is the units digit of z(y)?
7
What is the hundreds digit of ((-215754)/378 + (-2)/9)*-7?
9
Let u(x) = -x**3 + 6*x**2 + 25*x - 10. Let g be (38 + -24)*((-6)/(-4) + -1). What is the units digit of u(g)?
6
Let v be 0/(2/(-4)*4). Suppose u - 6*u = v. Suppose -68 = -4*g - a, -2*g = -u*g - a - 34. What is the tens digit of g?
1
Let f(y) = y**2 + 3*y - 6. Let r be f(5). Let p(a)